-11).
-14
Let b = 15880 - 15883. Let v(a) = a**2 + 121*a + 348. Calculate v(b).
-6
Let f(r) = -2*r**2 - r + 7. Suppose 5*m = -n + 12 - 8, 5*n - 20 = -5*m. Give f(n).
-29
Let o(n) = -2*n - 4. Suppose 0 = -63*d + 67*d. Suppose -2*j - 2*h + 4*h + 14 = d, 0 = 3*j - 2*h - 19. Calculate o(j).
-14
Let d(l) = 3073 - 6056 + 3045 - 2*l. Calculate d(17).
28
Let s(q) = -q**2 + 4*q + 1. Let b(k) = -k**2 - 22*k. Let d(o) = -b(o) - 5*s(o). What is d(1)?
3
Let n(a) = a**2 + 2*a - 3. Let l = -42 - -42. Let p be l*((-2)/3 + (-10)/(-60)). Let f be n(p). Let q(z) = z + 3. Calculate q(f).
0
Let u(f) = -37*f + 2. Let i(p) = -20*p + 1. Let z(x) = -11*i(x) + 6*u(x). Let s(l) = 15*l - 6. Let h(n) = -3*s(n) - 24*z(n). Give h(-5).
-21
Let h(m) = 2*m + 1. Suppose 48*g + 15*g - 189 = 0. Determine h(g).
7
Suppose 0 = -z - 2*g - 2 - 5, 0 = 5*z - 3*g - 30. Suppose 10 = -w + z*w. Let i(m) = 12*m**3 - 14*m**3 - m - w + 4*m**2 + 3*m**3. Give i(-4).
-1
Let w(n) be the second derivative of -n**5/20 - 2*n**4/3 + 2*n**3/3 - n**2/2 - 4342*n. Determine w(0).
-1
Let b(d) be the first derivative of -d**4/4 + 13*d**3/3 - 3*d**2/2 + 25*d - 108. Calculate b(13).
-14
Let d(o) = -63 + 3*o**2 - 2*o + 16 - 3*o + 27*o**2 - 29*o**2. Determine d(10).
3
Let h(m) = -m**3 + 5*m**2 + 7*m - 4. Suppose 34*b - 15 = 31*b. Suppose -2*y = 3*y + n - 29, b*y + 5*n = 25. Give h(y).
2
Suppose -20*j = 35 - 55. Let l(s) = -s + 11. Determine l(j).
10
Let p(q) = 9*q**2 + 12*q + 6. Let f(m) = 62*m**2 + 103*m + 42. Let w(u) = 3*f(u) - 20*p(u). Give w(-11).
-27
Let s(m) = -m**2 - 77*m + 9. Let l(x) = 2*x**2 + 57*x - 8. Let i(g) = -4*l(g) - 3*s(g). Calculate i(4).
-63
Suppose c + 10 = -3*i - 2, 0 = 4*c + 3*i + 39. Let m = c - -22. Let v(r) = -r + m + 0*r - 9. Calculate v(6).
-2
Let z(p) = -p**2 + 6*p - 7. Let b be z(5). Let h(c) = 10*c + c + c + 126 + c - 101. Let f(r) = -3*r - 6. Let k(x) = b*h(x) - 9*f(x). What is k(-7)?
-3
Suppose 7*k + 11 = 5*k - 5*j, j + 39 = -5*k. Let h(b) = -5*b + 19. Let o(f) = -f + 7. Let m(c) = k*o(c) + 3*h(c). Suppose 2*r + 3*r - 5 = 0. What is m(r)?
-6
Let m(b) be the third derivative of -b**5/60 + b**4/8 + 11*b**3/6 + 677*b**2. Calculate m(5).
1
Let g be ((-8)/28)/(2/28). Let l be ((-9)/((-45)/10))/((-2)/g). Let h(c) = -c - 2 - 2 + 4 - 3. Calculate h(l).
-7
Let x(j) = 2*j + 20. Let b be x(-10). Suppose 0 = 2*i - 24 + 34. Let o(r) = -2*r - 28. Let m(u) = u + 14. Let l(y) = i*m(y) - 2*o(y). Give l(b).
-14
Let o(c) = -c**3 - 8*c**2 - c - 10. Let b(p) = -p**3 - 22*p**2 + 48*p + 11. Let g be b(-24). Suppose -5*v + 48 = -g*v. Calculate o(v).
-2
Suppose 10*g - 91 = 3*r, -3*g + 4*r + 4 = -14. Let x(i) = 16*i - 36. Calculate x(g).
124
Let a(k) = -3*k + 23. Suppose r - 30 = 3*d + 7*r, -40 = 3*d + 4*r. Give a(d).
83
Let v(n) = n**2 - 14*n - 28. Let d = -475 + 491. Let c be v(d). Let h(p) = 5*p + 3*p**2 + 5*p**3 - 4*p**3 - p**3 - p**3 - 5. What is h(c)?
-1
Let z(b) be the third derivative of b**8/20160 + b**7/1260 + b**6/360 - b**5/15 - 84*b**2. Let i(h) be the third derivative of z(h). Determine i(-4).
2
Let h(w) be the second derivative of 1/6*w**4 + 0 - 3/2*w**2 - 3*w + 1/3*w**3 - 1/20*w**5. Let v(y) = -23*y + 279. Let j be v(12). Calculate h(j).
-6
Let h(g) be the second derivative of 7/12*g**4 - 26 + 0*g**2 - g - 1/6*g**3. Determine h(1).
6
Let m(c) = -8*c**2 + 237*c + 7*c**2 - 237*c. Let q(j) = -1 - 5*j + 4 - 5*j**2 + 3. Let u(k) = 6*m(k) - q(k). Determine u(5).
-6
Let g(m) be the first derivative of -1/2*m**2 - 2*m - 33. What is g(2)?
-4
Let o(w) = 2*w - 4237. Let k(c) = -c + 2310. Let h(m) = 11*k(m) + 6*o(m). Suppose -2*u + 3*u = 9. Calculate h(u).
-3
Let s(r) = -33 - 6*r**3 - 4*r**2 + 4*r**3 - 3*r**2 + 67 - 36 + r. Calculate s(1).
-10
Let v(f) = 4646 - f - 9315 + 4635. Calculate v(-21).
-13
Let x(i) = 12*i**2 - i + 1. Suppose 5*c + 7 = -2*d + 12, 3*c - 3 = -5*d. Calculate x(c).
12
Suppose 2*g = 4*g - 34. Let p(y) = -2 + 23*y - 24*y + g. Calculate p(0).
15
Let r(p) = -2*p + 30*p**2 + 2*p + 3*p + 4*p**3 + 1 - 29*p**2. Let v(g) = 7*g**3 + 3*g**2 + 6*g + 2. Let j(h) = -5*r(h) + 3*v(h). Determine j(-4).
-11
Let j(o) be the second derivative of o**4/12 + o**3 + o**2 - 61*o - 10. Suppose 0*g = -g + 5. Suppose 2*m - 4*u + 2 = 4, u + 28 = -g*m. What is j(m)?
-3
Let z(k) be the first derivative of -k**2/2 + 3*k - 1. Let s be (-2)/(93/45 + (-42)/30). Calculate z(s).
6
Suppose -28*a + 26*a + 20 = -7*a. Let g(v) = -v**2 + 2 - 5*v + 1 + 0. Calculate g(a).
7
Let h(j) be the second derivative of j**6/360 + j**5/30 + j**4/24 - 17*j**3/6 + 56*j. Let v(d) be the second derivative of h(d). Calculate v(-3).
-2
Let d(f) = 9*f + 49. Let s be d(-5). Let p(k) = 8*k**2 - 3*k**2 - 4*k - 6*k**2 - s + k. What is p(-3)?
-4
Let l(f) be the first derivative of 7*f**3/3 + 45*f**2/2 + 14*f - 11. Let q be l(-6). Let k(j) = -4*j - 2. Give k(q).
14
Let f(t) = -2 + 406*t - 407*t - 9*t**2 - 1. Let p(x) = 7*x**2 + x + 2. Let h(j) = -3*f(j) - 4*p(j). Determine h(-3).
-5
Let n(l) = -7*l**2 + 4*l**3 + 7 - 30 + 2*l + 2*l**2 + 21 - 5*l**3. Calculate n(-5).
-12
Let v(x) = -22 + 5 - 31 + 5*x + 4*x - 36*x. Determine v(-2).
6
Let l(v) = v**3 - 5*v + 6. Suppose -24*z = 10 + 111 - 217. What is l(z)?
50
Let t(g) = -g**3 + 10*g**2 - 10*g + 2. Let b(u) = u**2 + 86*u - 745. Let w be b(8). What is t(w)?
79
Let x(b) = -114*b**3 + 3*b**2 + b**2 + 113*b**3 + 5 - b. Suppose 3*u = -3*c + 33, 0 = 5*c + 4*u - 64 + 8. Suppose -k = 2*k - c. What is x(k)?
1
Suppose 16 = 77*o - 523. Let n(i) = -4 + 6 - i + 10. Determine n(o).
5
Suppose 0 = -5*u - 3*k - 110 + 38, -5*u + 3*k - 48 = 0. Let g(r) = -2*r**3 - 24*r**2 + r + 12. Give g(u).
0
Let f(y) be the first derivative of -y**4/4 + 2*y**3 - 4*y - 2668. Give f(6).
-4
Let l(h) = h**2 + 12*h - 9. Let a(g) = -16*g + 235. Let c be a(19). Let d be 299/c*1*3. Give l(d).
4
Let y(h) = -h**2 - h - 4. Suppose -18*f - 2853 - 7749 = 0. Let m = -586 - f. Determine y(m).
-16
Let o(b) = 9*b - 38. Let i be o(7). Suppose -5*u + 2*u + i = 4*y, 5 = -u + 2*y. Let n(t) = 4*t**3 - t**2 + 2*t**3 - 10*t**3 + u*t**3 + 2*t. Calculate n(-2).
0
Let m(p) = -8*p**2 + 54*p + 29. Let l(z) = 109*z**2 - 711*z - 376. Let u(t) = -2*l(t) - 27*m(t). Calculate u(-16).
33
Let a(s) = 4*s**2 - 11*s + 134. Let w(u) = 3*u**2 - 7*u + 93. Let g(x) = -7*a(x) + 10*w(x). Calculate g(3).
31
Let g(d) = d**3 + 6*d**2 - 8. Let x(c) = -9*c - 50. Let u be x(4). Let s = u - -80. Give g(s).
-8
Suppose 0 = -3*z + 8*z. Let i(v) = -v**3 + 2*v**2 + 2. Let w be i(z). Let c(d) = 5 + w + d - 11 + 0*d. Calculate c(6).
2
Let l(b) = -b**2 + 9*b + 33. Let a(j) = -11*j**2 + 482*j + 100. Let f be a(44). Give l(f).
-3
Let y = -370 - -378. Let s be 126/168 - (-10)/y. Let p(v) = -2*v**2 - 2*v + 4. What is p(s)?
-8
Let g be (-3 - (-13)/2)*2. Let w(c) = c**3 + 3*c**2 + 2*c - 5. Let b(d) = 4*d**3 + 10*d**2 + 7*d - 17. Let s(v) = g*w(v) - 2*b(v). Calculate s(2).
-5
Suppose -221 - 299 = 40*o. Let j(r) = -r**2 - 8*r + 52. What is j(o)?
-13
Let m(s) = s + 2. Let p(i) = 2*i + 6. Suppose -26 = -7*v + 16. Let x(b) = v*m(b) - 2*p(b). What is x(-1)?
-2
Let r = -580 + 569. Let l(o) = -o**3 - 10*o**2 + o - 126. Let d be l(r). Let h(w) = w**3 + 15*w**2 - 16*w + 10. What is h(d)?
10
Let c(p) = 27 + 33*p + 34*p - 136*p + 32*p + 34*p. Give c(5).
12
Let q(b) be the second derivative of -b**3/2 - 7*b**2 - 37*b. Let j be q(-6). Let m(w) = 1 + j*w**2 - 3*w - 7*w**3 + 2*w**3 + 0 + 6*w**3. Give m(-4).
13
Let x(y) = 3*y**3 + 2*y**2 - 2*y - 2. Let i(c) = 9*c**2 - c. Let d be i(1). Suppose 8 + 0 = d*l. Let s be 0 - (-2 - -3) - l. Give x(s).
-14
Let c(m) = -3*m + 3*m + 4*m**3 - 2*m**3 + 3092*m**2 + 10 - 3084*m**2. Determine c(-6).
-134
Let p(q) = 25*q - 57. Suppose -5*u = 2*m - 14, m - 14*u = -10*u - 6. Give p(m).
-7
Let g(s) be the first derivative of 0*s + 69 + 1/2*s**2. What is g(7)?
7
Let n be 3 + 5 - (-6 + (-1 - -8)). Let x(v) = 2*v**2 - 13*v - 13. Determine x(n).
-6
Let v(x) = x**3 + 3*x**2 + 7*x + 16. Let d = -16021 - -16019. What is v(d)?
6
Let i(y) be the third derivative of -y**5/60 - y**4/3 + y**3/2 + 33*y**2 - 68. Calculate i(7).
-102
Let n be (-18)/45 + 51/15. Let d(l) = 4*l**3 - 45*l - 4 - 5*l**2 - 5*l**n + 42*l. Let v(a) = -a**2 + a + 2. Let u be v(-2). Determine d(u).
-8
Let f(w) = -32*w + 2. Let i(t) = 22*t - 4. Let u(n) = -2*f(n) - 3*i(n). Suppose -3*k = a + 3*a - 20, -a + 6 = k. Suppos